se
Suppose -2*b - 2*b = 5*c - 16, 5*b - 11 = -4*c. Suppose c*l + 2*f - 385 = 3*l, 3*l - 2*f - 1171 = 0. Is l prime?
True
Let o = -44 - -28. Is 21/2*o/(-12) prime?
False
Suppose -3*s + 4*f = -1225, -s + 3*f = s - 816. Is s a composite number?
True
Suppose 0*l = -l + 92. Let d(i) = i**3 + 9*i**2 - 11*i - 7. Let w be d(-10). Suppose -q + l = w*q. Is q composite?
False
Let n(w) be the third derivative of w**5/30 + w**4/12 + w**3/2 + 8*w**2. Is n(7) a prime number?
False
Let d be (10/(-6))/((-3)/9). Let y(w) = -72*w + 5. Let u be y(d). Is u/(-25) - (-2)/(-10) a prime number?
False
Suppose 3*x + 3*r = 15, 3*x + 2*r = -2*r + 18. Suppose -9 = t - 4*j, -5*t + 51 = x*j + 8. Is t prime?
True
Suppose 2*d + 165 - 537 = 0. Let u = d + -92. Suppose -3*k + 3*y - 2*y = -u, 159 = 5*k - 4*y. Is k a prime number?
True
Let b = -72 - -331. Is b prime?
False
Is 15 + -10 - (1 - 315) a composite number?
True
Suppose 7*z - 6*z = 3*i + 451, -451 = -z - 3*i. Is z composite?
True
Suppose v - 837 = -206. Is v prime?
True
Let k = -34 - -102. Suppose -k + 0 = -2*d. Is d a prime number?
False
Let f(w) = -w**2 - 6*w - 5. Let z be f(-4). Suppose -4*x = 20, z*k = -0*k - x + 460. Suppose 0 = -3*a + k - 38. Is a composite?
True
Let i(r) = -r**3 + 9*r**2 - 5*r - 10. Suppose -2*l - l + 39 = 0. Let m = l + -6. Is i(m) prime?
True
Let g(y) be the third derivative of y**4/3 - y**3/6 + 2*y**2. Is g(10) prime?
True
Suppose -m + 2*z + 0*z = -743, 15 = 3*z. Is m composite?
True
Let b(z) = 2*z**3 - z - 1. Let n(j) = j**3 - 2*j**2 - 1. Let f be n(2). Let q be b(f). Is ((-19)/2)/(1/q) a prime number?
True
Let r(p) = -4*p**3 - 2*p**2 - 7*p - 5. Is r(-4) a composite number?
True
Let h(j) = 628*j**3 + j**2 + 2*j - 2. Is h(1) composite?
True
Let b be -63*((-1)/(-7) - 1). Suppose 3*n + b = -m, -m - 124 = m - 2*n. Let s = 113 + m. Is s a prime number?
True
Let w = -14 + 9. Let o be (4/w)/((-1)/20). Let q = 29 - o. Is q composite?
False
Is 0/(-7) - (-184 + 1) prime?
False
Let p = 2159 + -1354. Suppose 7*t - 2*t = p. Is t a composite number?
True
Is ((-9)/(-27))/(1/381) a prime number?
True
Let h = -5 + 7. Suppose m + 1 + 6 = -h*b, m + 4 = b. Is (b - -2)/(1/11) prime?
True
Suppose -3*b + 2*b = -5*a + 25, -5 = -3*b - a. Suppose -3*y + 12 + 3 = b. Is 57*(-1)/(-3)*y a prime number?
False
Suppose -c + 2*c = -n + 636, -c = -3*n - 656. Is c composite?
False
Is (-5 - -2)*3/(-9) - -2050 prime?
False
Let x(o) = -o**3 - 7*o**2 + 1. Let g(j) = j**2 - j - 1. Let a(m) = 4*g(m) + x(m). Let p(z) = -z - 12. Let w be p(-9). Is a(w) a composite number?
True
Let p(f) = 260*f**3 - f**2. Is p(1) composite?
True
Let y be (-3)/6*1*-6. Suppose -y*f + 19 = 2*w, 24 = f + 2*f - 3*w. Let n = f + 30. Is n composite?
False
Let n(z) = 2*z**2 - 6*z - 11. Is n(-6) prime?
True
Suppose -2*z = -6 - 0. Suppose k = -z*k + 4. Is 1/k*(3 - -76) a composite number?
False
Let o = 5 - 3. Suppose -208 = -o*j + w - 55, 0 = 3*j + 4*w - 235. Is j prime?
False
Let y(w) = 53*w + 10. Let o(d) = -27*d - 5. Let z(q) = -5*o(q) - 3*y(q). Is z(-7) a composite number?
False
Let m = -3 - -5. Suppose -c + m = -0*c. Is ((-50)/c)/(2 - 3) prime?
False
Let h be 784/(-24)*3/(-2). Suppose d - h = -t - 0*t, t + 155 = 3*d. Is d prime?
False
Let v(b) = b**3 + 3*b**2 + 1. Let q be v(-3). Suppose -y - q + 32 = 0. Let p = y - 0. Is p a prime number?
True
Let r(s) = 4*s + 19. Is r(10) composite?
False
Let k(a) = -a**3 + 6*a**2 + 8*a - 7. Let z be k(7). Suppose 8*v + 10 = -3*i + 3*v, z = -i - 4*v - 1. Let o = i - -8. Is o prime?
True
Let u be 2/6 - 4/12. Suppose u = -0*m + 5*m - 75. Is m a composite number?
True
Let t = 339 - -148. Is t a prime number?
True
Suppose w = -4*g - 3*w, -4*w - 16 = -4*g. Is -1 + g + 75 + 1 composite?
True
Let a be (-20)/(-6) + 2/18*-3. Let o be ((-54)/4)/((-1)/38). Suppose 156 - o = -a*d. Is d composite?
True
Let d be (-2)/(-1) - (2 + 0). Suppose 0 = 2*p + 4*q - 12, 5*p - 5*q - 51 - 9 = d. Is 168/15 - 2/p a prime number?
True
Suppose -9112 = -3*a - 5*a. Is a a composite number?
True
Let v(r) = -r + 11. Let n be v(10). Suppose 8 = s - n. Is s composite?
True
Let h(t) = 3*t**3 + 2*t**2 - 5*t + 7. Is h(5) prime?
False
Let h be (-2)/(-8) + (-546)/8. Let x(r) = 2*r**2 + 9*r + 2. Let j be x(-11). Let c = j + h. Is c a prime number?
False
Suppose 3*k = 7*k - 4*z + 1220, z = -4*k - 1240. Let s = 562 + k. Is s composite?
True
Suppose 815 + 11846 = 11*w. Is w prime?
True
Let t = -3415 + 6784. Is t a prime number?
False
Let v(l) = 2*l**3 + 1. Let t be v(-1). Let y(p) be the first derivative of -25*p**2/2 - 6. Is y(t) prime?
False
Suppose t + 8 = 5*t. Let g be 1*(t - -12) + 0. Suppose g = x + x. Is x prime?
True
Let r = -4 + 6. Suppose -r*t = -3*t + 7. Let s = t - -7. Is s a composite number?
True
Suppose -553 = 4*l - 4*k + 587, 2*l + 558 = -k. Let v = l + 500. Is v composite?
True
Let i(y) = -13*y + 6. Suppose 7 = -x + 2. Is i(x) a composite number?
False
Is 30/(-12)*568/(-10) composite?
True
Let u(i) = i. Let s be u(3). Suppose s*v - 350 = v. Suppose 0 = 2*a - 55 - v. Is a prime?
False
Let u = -50 - -169. Is u composite?
True
Let c(f) = 0*f**2 + 2*f**2 - f**2 - 3. Let g be c(0). Is (-104)/(-3) + (-1)/g prime?
False
Suppose 4*v = v. Suppose v = 7*m - 6*m - 167. Is m prime?
True
Let c be 0*(-2 + 3) + 0. Let h be 2 + 1 + -1 + 3. Suppose 5*j - 35 = -h*w - 0*w, c = 3*w + j - 25. Is w a composite number?
True
Suppose -i = -16 - 15. Is i a prime number?
True
Let k be (-12)/7 - (-10)/(-35). Is 2*k/(16/(-1892)) prime?
False
Let w = -3 - -5. Suppose w*v = j + 3*j - 234, -2*v = -2*j + 118. Is j a composite number?
True
Let j be (-5 - -4)/((-1)/55). Suppose 38 = b - 4*y - j, -2*b = y - 195. Is b prime?
True
Let g be 5*(1 + 3/(-5)). Suppose g*z = -3*b + 23, 4*z + z - 45 = -5*b. Suppose -100 = -z*m + 2*m + 2*j, -2*j + 10 = 0. Is m a prime number?
False
Let v be -5*(2 + 4/10). Let d be (-8)/v*24/(-2). Let z(o) = -o**2 - 11*o - 5. Is z(d) a composite number?
False
Suppose -5*f = 4*r - 840 + 74, 0 = -r + 3*f + 200. Is r composite?
True
Let c(p) be the second derivative of p**5/20 + p**4/3 + p**3/3 + 3*p**2 - 2*p. Let l be c(-4). Let r = 39 + l. Is r composite?
False
Let j(t) = t**3 + 6*t**2 - 4*t + 4. Let r be j(-7). Let b = 31 + r. Is b prime?
False
Let j(u) = 4*u**2 + 2*u - 3. Let n = 6 - 10. Is j(n) composite?
False
Is -2 + 8/4 + 179 a composite number?
False
Let n = 15 + -7. Let v(a) = -a**2 + 5 + a**3 - 1 + n*a**2 - 8*a + 2*a. Is v(-7) prime?
False
Let z be (7 - 2 - 0) + 0. Suppose 5*d = -24 + 4, -z*d - 116 = -3*j. Suppose -25 - j = -3*o. Is o composite?
False
Suppose -3*v = -v - 394. Suppose 0 = 2*b - v - 209. Is b prime?
False
Suppose -2 = g + 1. Let t(p) = -2*p**3 - 3*p**2 - 2*p + 2. Is t(g) a composite number?
True
Let z be (-1 - -3) + 0 - 1. Is 25/1 + (-1 - z) prime?
True
Is (2 - -1) + (31 - 1) composite?
True
Is (3 + 33/(-9))/(1/(-573)) a prime number?
False
Suppose 4*y = -2*y + 498. Is y composite?
False
Suppose 0 = 10*n + 480 - 2090. Is n a prime number?
False
Let h(v) = -3*v**3 - v**2 + 6*v + 5. Is h(-4) a composite number?
False
Suppose -w = 3, w - 6*w = 5*g. Suppose -g*y + 587 = 56. Is y a composite number?
True
Let g(s) = -s**3 + 9*s**2 + 9*s - 16. Is g(-9) composite?
False
Let b(i) = -i**3 - i**2 + i + 2. Let j be b(0). Suppose 2*p = -j*x + 6, 0*p + 2*x + 3 = p. Suppose -p*h = 143 - 488. Is h a composite number?
True
Let u(l) = 48*l - 1. Let x be u(1). Let h = x - 25. Is h composite?
True
Let y = 5761 - 2598. Is y composite?
False
Let o(x) = x + 7. Let j be o(-9). Is (-279)/(-12) - j/(-8) prime?
True
Suppose d + 3*d = 144. Is (1/2)/(6/d) composite?
False
Let x(c) = -c**3 - 5*c**2 - 4. Let i be x(-5). Is (-564)/i - (-1 - 0) composite?
True
Suppose 9*v + 864 = 5841. Is v composite?
True
Let a(z) = z**2 + z + 1. Let y be a(-2). Suppose y*p - 8 - 49 = 0. Is p composite?
False
Suppose -4*j - 2*z + 1270 = 0, 3*j = -z - z + 951. Is j a prime number?
False
Let r(z) = 7*z**2 - 4*z + 4. Let w(m) = -m**3 + 3*m**2 - m + 1. Let y be (8/6)/((-8)/(-12)). Let v be w(y). Is r(v) prime?
False
Let u be 2*(3/6 - 1). Let f be u/(-2 - 114/(-58)). Is f/3 - 2/(-6) a prime number?
False
Let l(g) = 4*g**2 + 9*g + 3. Is l(-8) composite?
True
Suppose -579 = -g - 5*x - 191, 5*g - 3*x = 2024. Let j = g - 272. Is j a composite number?
False
Let q be (-2 - -2 - 0)/(-2). Suppose -